at is the remainder when 3672 is divided by 260?
32
What is the remainder when 2291579 is divided by 23?
20
Calculate the remainder when 9798 is divided by 377.
373
What is the remainder when 1281667 is divided by 80104?
3
What is the remainder when 42664 is divided by 3275?
89
What is the remainder when 132251 is divided by 529?
1
Calculate the remainder when 12798 is divided by 1165.
1148
Calculate the remainder when 117058 is divided by 12.
10
Calculate the remainder when 28087 is divided by 236.
3
What is the remainder when 1244 is divided by 114?
104
What is the remainder when 2738 is divided by 864?
146
Calculate the remainder when 20212 is divided by 103.
24
What is the remainder when 114728 is divided by 1912?
8
Calculate the remainder when 5885357 is divided by 130.
127
Calculate the remainder when 1569 is divided by 104.
9
What is the remainder when 18322 is divided by 9155?
12
Calculate the remainder when 1141 is divided by 944.
197
Calculate the remainder when 1342 is divided by 1271.
71
What is the remainder when 56709 is divided by 778?
693
Calculate the remainder when 2483 is divided by 23.
22
What is the remainder when 13094 is divided by 3?
2
What is the remainder when 52791 is divided by 525?
291
What is the remainder when 4199 is divided by 1786?
627
Calculate the remainder when 102203 is divided by 51084.
35
What is the remainder when 38770 is divided by 925?
845
What is the remainder when 106123 is divided by 446?
421
What is the remainder when 131867 is divided by 54?
53
Calculate the remainder when 133441 is divided by 33284.
305
What is the remainder when 4370 is divided by 336?
2
What is the remainder when 88079 is divided by 68?
19
What is the remainder when 4451 is divided by 962?
603
Calculate the remainder when 21510 is divided by 150.
60
What is the remainder when 12756 is divided by 22?
18
Calculate the remainder when 24028 is divided by 5996.
44
What is the remainder when 26400 is divided by 1015?
10
What is the remainder when 3406 is divided by 740?
446
Calculate the remainder when 615935 is divided by 299.
294
What is the remainder when 93153 is divided by 810?
3
What is the remainder when 8689 is divided by 138?
133
Calculate the remainder when 50914 is divided by 645.
604
What is the remainder when 81739 is divided by 16?
11
Calculate the remainder when 201053 is divided by 22338.
11
Calculate the remainder when 220860 is divided by 178.
140
Calculate the remainder when 905 is divided by 394.
117
Calculate the remainder when 31429 is divided by 1013.
26
Calculate the remainder when 94728 is divided by 469.
459
What is the remainder when 174060 is divided by 145?
60
What is the remainder when 21868 is divided by 161?
133
What is the remainder when 19717 is divided by 33?
16
Calculate the remainder when 148333 is divided by 41.
36
What is the remainder when 17079 is divided by 305?
304
Calculate the remainder when 6033 is divided by 433.
404
Calculate the remainder when 189265 is divided by 44.
21
Calculate the remainder when 10640 is divided by 1520.
0
Calculate the remainder when 11335 is divided by 78.
25
What is the remainder when 168413 is divided by 89?
25
What is the remainder when 1097 is divided by 1050?
47
Calculate the remainder when 4172 is divided by 619.
458
Calculate the remainder when 227 is divided by 46.
43
Calculate the remainder when 1827581 is divided by 1298.
1295
Calculate the remainder when 10033 is divided by 781.
661
Calculate the remainder when 109 is divided by 1.
0
Calculate the remainder when 432515 is divided by 21.
20
Calculate the remainder when 292596 is divided by 100.
96
Calculate the remainder when 28287 is divided by 449.
0
What is the remainder when 34787 is divided by 17383?
21
Calculate the remainder when 17588 is divided by 419.
409
What is the remainder when 1026 is divided by 250?
26
What is the remainder when 13413 is divided by 13397?
16
What is the remainder when 5449 is divided by 71?
53
What is the remainder when 13038 is divided by 814?
14
Calculate the remainder when 63916 is divided by 177.
19
Calculate the remainder when 48223 is divided by 282.
1
Calculate the remainder when 1049151 is divided by 274.
5
What is the remainder when 6657 is divided by 98?
91
Calculate the remainder when 15494 is divided by 63.
59
Calculate the remainder when 33235 is divided by 2074.
51
What is the remainder when 22678 is divided by 5554?
462
What is the remainder when 15943 is divided by 15867?
76
Calculate the remainder when 53096 is divided by 233.
205
What is the remainder when 81447 is divided by 4?
3
What is the remainder when 62279 is divided by 31076?
127
Calculate the remainder when 17713 is divided by 47.
41
What is the remainder when 1534 is divided by 1494?
40
Calculate the remainder when 506564 is divided by 9.
8
Calculate the remainder when 642 is divided by 143.
70
What is the remainder when 24320 is divided by 27?
20
What is the remainder when 210388 is divided by 34?
30
Calculate the remainder when 23910 is divided by 59.
15
Calculate the remainder when 170376 is divided by 701.
33
What is the remainder when 12146 is divided by 4022?
80
What is the remainder when 241834 is divided by 120901?
32
Calculate the remainder when 321375 is divided by 103.
15
What is the remainder when 29922 is divided by 107?
69
What is the remainder when 34608 is divided by 151?
29
Calculate the remainder when 1182 is divided by 1018.
164
What is the remainder when 4442 is divided by 108?
14
What is the remainder when 332800 is divided by 2147?
15
What is the remainder when 5580 is divided by 64?
12
Calculate the remainder when 20934 is divided by 2616.
6
What is the remainder when 5535 is divided by 1090?
85
What is the remainder when 298859 is divided by 2214?
2183
What is the remainder when 22643 is divided by 666?
665
What is the remainder when 37799 is divided by 270?
269
Calculate the remainder when 21043 is divided by 3806.
2013
Calculate the remainder when 25676 is divided by 8429.
389
What is the remainder when 3337 is divided by 2986?
351
Calculate the remainder when 24646 is divided by 12.
10
Calculate the remainder when 7687 is divided by 171.
163
Calculate the remainder when 70435 is divided by 56.
43
What is the remainder when 1114 is divided by 1029?
85
What is the remainder when 7335 is divided by 30?
15
Calculate the remainder when 6253 is divided by 253.
181
What is the remainder when 29338 is divided by 10?
8
Calculate the remainder when 11612 is divided by 1334.
940
What is the remainder when 705 is divided by 531?
174
What is the remainder when 34800 is divided by 536?
496
What is the remainder when 3330 is divided by 665?
5
Calculate the remainder when 5338 is divided by 43.
6
Calculate the remainder when 440798 is divided by 152.
150
Calculate the remainder when 10825 is divided by 5.
0
What is the remainder when 9392 is divided by 36?
32
What is the remainder when 211469 is divided by 2376?
5
What is the remainder when 109463 is divided by 341?
2
What is the remainder when 1098717 is divided by 72?
69
Calculate the remainder when 42642 is divided by 66.
6
Calculate the remainder when 60383 is divided by 235.
223
What is the remainder when 25956 is divided by 1999?
1968
Calculate the remainder when 21813 is divided by 8.
5
Calculate the remainder when 31313 is divided by 1082.
1017
What is the remainder when 1590 is divided by 524?
18
What is the remainder when 407095 is divided by 28?
3
Calculate the remainder when 30129 is divided by 30097.
32
Calculate the remainder when 13690 is divided by 49.
19
What is the remainder when 216705 is divided by 486?
435
Calculate the remainder when 349883 is divided by 145.
143
Calculate the remainder when 502 is divided by 368.
134
Calculate the remainder when 510351 is divided by 78.
75
Calculate the remainder when 40973 is divided by 211.
39
Calculate the remainder when 34848 is divided by 410.
408
Calculate the remainder when 3764 is divided by 1249.
17
Calculate the remainder when 15028 is divided by 2146.
6
What is the remainder when 3582743 is divided by 8?
7
What is the remainder when 50111 is divided by 288?
287
What is the remainder when 1118428 is divided by 387?
385
Calculate the remainder when 24397 is div